
What is the thousands digit of 611194?
1
What is the units digit of 651255?
5
What is the millions digit of 6525625?
6
What is the tens digit of 283899?
9
What is the hundreds digit of 28647176?
1
What is the ten thousands digit of 56203?
5
What is the millions digit of 8987841?
8
What is the ten thousands digit of 294520?
9
What is the units digit of 7082356?
6
What is the hundred thousands digit of 2059778?
0
What is the tens digit of 11372388?
8
What is the millions digit of 9891554?
9
What is the hundred thousands digit of 706893?
7
What is the hundred thousands digit of 247459?
2
What is the ten thousands digit of 291713?
9
What is the units digit of 374454?
4
What is the hundred thousands digit of 559709?
5
What is the tens digit of 629304?
0
What is the units digit of 13441599?
9
What is the ten thousands digit of 14955336?
5
What is the ten thousands digit of 3483051?
8
What is the ten thousands digit of 195713?
9
What is the units digit of 23280314?
4
What is the hundreds digit of 140723?
7
What is the hundred thousands digit of 672201?
6
What is the hundreds digit of 148451?
4
What is the ten thousands digit of 20330235?
3
What is the thousands digit of 461780?
1
What is the thousands digit of 512771?
2
What is the tens digit of 239112?
1
What is the thousands digit of 451228?
1
What is the units digit of 4515171?
1
What is the units digit of 226396?
6
What is the thousands digit of 4394373?
4
What is the thousands digit of 6119278?
9
What is the thousands digit of 255398?
5
What is the hundreds digit of 581683?
6
What is the thousands digit of 4024166?
4
What is the units digit of 192558?
8
What is the ten thousands digit of 1844980?
4
What is the ten thousands digit of 1124016?
2
What is the millions digit of 3494205?
3
What is the hundred thousands digit of 1660690?
6
What is the hundred thousands digit of 481735?
4
What is the ten thousands digit of 4397264?
9
What is the hundreds digit of 87278?
2
What is the hundreds digit of 288860?
8
What is the tens digit of 1511037?
3
What is the thousands digit of 6008019?
8
What is the hundreds digit of 269972?
9
What is the tens digit of 123224?
2
What is the hundred thousands digit of 3112890?
1
What is the ten thousands digit of 19822744?
2
What is the millions digit of 3855355?
3
What is the ten thousands digit of 3255296?
5
What is the tens digit of 397091?
9
What is the units digit of 269673?
3
What is the units digit of 833188?
8
What is the hundreds digit of 16525460?
4
What is the millions digit of 1574791?
1
What is the ten thousands digit of 991697?
9
What is the tens digit of 1106213?
1
What is the millions digit of 8478165?
8
What is the thousands digit of 8272091?
2
What is the tens digit of 331753?
5
What is the thousands digit of 16626623?
6
What is the units digit of 286543?
3
What is the hundreds digit of 194011?
0
What is the units digit of 1000057?
7
What is the tens digit of 278592?
9
What is the tens digit of 36235?
3
What is the units digit of 381522?
2
What is the millions digit of 9182032?
9
What is the units digit of 130802?
2
What is the hundred thousands digit of 1427491?
4
What is the tens digit of 354362?
6
What is the tens digit of 268452?
5
What is the ten thousands digit of 7645325?
4
What is the ten thousands digit of 5155258?
5
What is the ten millions digit of 10477545?
1
What is the millions digit of 14496502?
4
What is the hundreds digit of 22252?
2
What is the thousands digit of 3292035?
2
What is the hundreds digit of 1383678?
6
What is the hundred thousands digit of 3909449?
9
What is the hundreds digit of 4505068?
0
What is the hundreds digit of 7627158?
1
What is the hundred thousands digit of 19060865?
0
What is the hundred thousands digit of 8713548?
7
What is the thousands digit of 1038733?
8
What is the ten thousands digit of 28630052?
3
What is the units digit of 91979?
9
What is the units digit of 114916?
6
What is the tens digit of 1086160?
6
What is the thousands digit of 3670391?
0
What is the units digit of 2901841?
1
What is the tens digit of 1580658?
5
What is the thousands digit of 2110848?
0
What is the units digit of 1010244?
4
What is the ten millions digit of 11692075?
1
What is the units digit of 1269429?
9
What is the thousands digit of 260161?
0
What is the ten thousands digit of 1098226?
9
What is the tens digit of 661438?
3
What is the tens digit of 1261454?
5
What is the millions digit of 7539667?
7
What is the hundred thousands digit of 18567136?
5
What is the thousands digit of 2434102?
4
What is the tens digit of 148268?
6
What is the units digit of 2134580?
0
What is the ten millions digit of 25550981?
2
What is the tens digit of 24628792?
9
What is the units digit of 648384?
4
What is the tens digit of 1486602?
0
What is the units digit of 13388203?
3
What is the units digit of 80780?
0
What is the hundreds digit of 58979?
9
What is the tens digit of 980471?
7
What is the ten thousands digit of 5333682?
3
What is the millions digit of 4176422?
4
What is the ten thousands digit of 1256028?
5
What is the units digit of 280064?
4
What is the thousands digit of 517714?
7
What is the tens digit of 83052?
5
What is the units digit of 9172144?
4
What is the millions digit of 4235901?
4
What is the thousands digit of 227962?
7
What is the thousands digit of 6718590?
8
What is the ten thousands digit of 5216011?
1
What is the hundreds digit of 5520353?
3
What is the ten thousands digit of 715759?
1
What is the hundred thousands digit of 7421484?
4
What is the units digit of 582724?
4
What is the tens digit of 7787457?
5
What is the hundred thousands digit of 2200491?
2
What is the hundreds digit of 3471914?
9
What is the units digit of 2769342?
2
What is the ten thousands digit of 5009599?
0
What is the hundreds digit of 1149686?
6
What is the ten thousands digit of 294649?
9
What is the units digit of 25014214?
4
What is the hundred thousands digit of 1847448?
8
What is the hundred thousands digit of 21991797?
9
What is the thousands digit of 3305823?
5
What is the ten millions digit of 11775680?
1
What is the tens digit of 329024?
2
What is the hundreds digit of 7890131?
1
What is the tens digit of 1563922?
2
What is the units digit of 1843467?
7
What is the thousands digit of 252593?
2
What is the hundreds digit of 4196505?
5
What is the millions digit of 21815603?
1
What is the tens digit of 194900?
0
What is the units digit of 1138735?
5
What is the millions digit of 1720098?
1
What is the thousands digit of 8184206?
4
What is the hundreds digit of 211014?
0
What is the hundreds digit of 265237?
2
What is the thousands digit of 244109?
4
What is the hundred thousands digit of 187690?
1
What is the hundred thousands digit of 476473?
4
What is the tens digit of 2344674?
7
What is the hundred thousands digit of 2192600?
1
What is the ten thousands digit of 86618?
8
What is the ten thousands digit of 167821?
6
What is the tens digit of 389899?
9
What is the hundred thousands digit of 555417?
5
What is the units digit of 815263?
3
What is the hundred thousands digit of 961477?
9
What is the units digit of 369427?
7
What is the thousands digit of 455804?
5
What is the thousands digit of 26440?
6
What is the hundreds digit of 454604?
6
What is the tens digit of 15122947?
4
What is the millions digit of 5940817?
5
What is the thousands digit of 467995?
7
What is the units digit of 170377?
7
What is the ten thousands digit of 198963?
9
What is the hundreds digit of 3365211?
2
What is the units digit of 796515?
5
What is the thousands digit of 2629667?
9
What is the hundreds digit of 2038608?
6
What is the hundred thousands digit of 677934?
6
What is the ten thousands digit of 993326?
9
What is the thousands digit of 6879514?
9
What is the thousands digit of 1060827?
0
What is the tens digit of 145834?
3
What is the units digit of 12922599?
9
What is the hundreds digit of 1390463?
4
What is the hundred thousands digit of 1607748?
6
What is the units digit of 3723926?
6
What is the thousands digit of 984137?
4
What is the ten thousands digit of 1069883?
6
What is the thousands digit of 5845561?
5
What is the hundreds digit of 38714178?
1
What is the ten millions digit of 23720797?
2
What is the hundreds digit of 1188992?
9
What